[INFO] cloning repository https://github.com/Vesnica/STARK-HE
[INFO] running `Command { std: "git" "-c" "credential.helper=" "-c" "credential.helper=/workspace/cargo-home/bin/git-credential-null" "clone" "--bare" "https://github.com/Vesnica/STARK-HE" "/workspace/cache/git-repos/https%3A%2F%2Fgithub.com%2FVesnica%2FSTARK-HE", kill_on_drop: false }`
[INFO] [stderr] Cloning into bare repository '/workspace/cache/git-repos/https%3A%2F%2Fgithub.com%2FVesnica%2FSTARK-HE'...
[INFO] running `Command { std: "git" "rev-parse" "HEAD", kill_on_drop: false }`
[INFO] [stdout] d2673b8a10c06f4547fcc8ab1ad1bbb566a60636
[INFO] checking Vesnica/STARK-HE against master#e6e4f7ed1589e03bc2f6c5931c1a72e7947e8682 for beta-170-4
[INFO] running `Command { std: "git" "clone" "/workspace/cache/git-repos/https%3A%2F%2Fgithub.com%2FVesnica%2FSTARK-HE" "/workspace/builds/worker-5-tc2/source", kill_on_drop: false }`
[INFO] [stderr] Cloning into '/workspace/builds/worker-5-tc2/source'...
[INFO] [stderr] done.
[INFO] validating manifest of git repo https://github.com/Vesnica/STARK-HE on toolchain e6e4f7ed1589e03bc2f6c5931c1a72e7947e8682
[INFO] running `Command { std: CARGO_HOME="/workspace/cargo-home" RUSTUP_HOME="/workspace/rustup-home" "/workspace/cargo-home/bin/cargo" "+e6e4f7ed1589e03bc2f6c5931c1a72e7947e8682" "metadata" "--manifest-path" "Cargo.toml" "--no-deps", kill_on_drop: false }`
[INFO] started tweaking git repo https://github.com/Vesnica/STARK-HE
[INFO] finished tweaking git repo https://github.com/Vesnica/STARK-HE
[INFO] tweaked toml for git repo https://github.com/Vesnica/STARK-HE written to /workspace/builds/worker-5-tc2/source/Cargo.toml
[INFO] crate git repo https://github.com/Vesnica/STARK-HE already has a lockfile, it will not be regenerated
[INFO] running `Command { std: CARGO_HOME="/workspace/cargo-home" RUSTUP_HOME="/workspace/rustup-home" "/workspace/cargo-home/bin/cargo" "+e6e4f7ed1589e03bc2f6c5931c1a72e7947e8682" "fetch" "--manifest-path" "Cargo.toml", kill_on_drop: false }`
[INFO] running `Command { std: "docker" "create" "-v" "/var/lib/crater-agent-workspace/builds/worker-5-tc2/target:/opt/rustwide/target:rw,Z" "-v" "/var/lib/crater-agent-workspace/builds/worker-5-tc2/source:/opt/rustwide/workdir:ro,Z" "-v" "/var/lib/crater-agent-workspace/cargo-home:/opt/rustwide/cargo-home:ro,Z" "-v" "/var/lib/crater-agent-workspace/rustup-home:/opt/rustwide/rustup-home:ro,Z" "-e" "SOURCE_DIR=/opt/rustwide/workdir" "-e" "CARGO_TARGET_DIR=/opt/rustwide/target" "-e" "CARGO_HOME=/opt/rustwide/cargo-home" "-e" "RUSTUP_HOME=/opt/rustwide/rustup-home" "-w" "/opt/rustwide/workdir" "-m" "1610612736" "--user" "0:0" "--network" "none" "ghcr.io/rust-lang/crates-build-env/linux@sha256:19e73879b68f455e41552ea35293514db52ea292d993f571636dbffedb77a1ee" "/opt/rustwide/cargo-home/bin/cargo" "+e6e4f7ed1589e03bc2f6c5931c1a72e7947e8682" "metadata" "--no-deps" "--format-version=1", kill_on_drop: false }`
[INFO] [stdout] fb549bf7a93c9e6ae7a0b993bb4b83a3fd098c32d28affe5390e9c6a48448e5b
[INFO] running `Command { std: "docker" "start" "-a" "fb549bf7a93c9e6ae7a0b993bb4b83a3fd098c32d28affe5390e9c6a48448e5b", kill_on_drop: false }`
[INFO] running `Command { std: "docker" "inspect" "fb549bf7a93c9e6ae7a0b993bb4b83a3fd098c32d28affe5390e9c6a48448e5b", kill_on_drop: false }`
[INFO] running `Command { std: "docker" "rm" "-f" "fb549bf7a93c9e6ae7a0b993bb4b83a3fd098c32d28affe5390e9c6a48448e5b", kill_on_drop: false }`
[INFO] [stdout] fb549bf7a93c9e6ae7a0b993bb4b83a3fd098c32d28affe5390e9c6a48448e5b
[INFO] running `Command { std: "docker" "create" "-v" "/var/lib/crater-agent-workspace/builds/worker-5-tc2/target:/opt/rustwide/target:rw,Z" "-v" "/var/lib/crater-agent-workspace/builds/worker-5-tc2/source:/opt/rustwide/workdir:ro,Z" "-v" "/var/lib/crater-agent-workspace/cargo-home:/opt/rustwide/cargo-home:ro,Z" "-v" "/var/lib/crater-agent-workspace/rustup-home:/opt/rustwide/rustup-home:ro,Z" "-e" "SOURCE_DIR=/opt/rustwide/workdir" "-e" "CARGO_TARGET_DIR=/opt/rustwide/target" "-e" "CARGO_INCREMENTAL=0" "-e" "RUST_BACKTRACE=full" "-e" "RUSTFLAGS=--cap-lints=forbid" "-e" "RUSTDOCFLAGS=--cap-lints=forbid" "-e" "CARGO_HOME=/opt/rustwide/cargo-home" "-e" "RUSTUP_HOME=/opt/rustwide/rustup-home" "-w" "/opt/rustwide/workdir" "-m" "1610612736" "--user" "0:0" "--network" "none" "ghcr.io/rust-lang/crates-build-env/linux@sha256:19e73879b68f455e41552ea35293514db52ea292d993f571636dbffedb77a1ee" "/opt/rustwide/cargo-home/bin/cargo" "+e6e4f7ed1589e03bc2f6c5931c1a72e7947e8682" "check" "--frozen" "--all" "--all-targets" "--message-format=json", kill_on_drop: false }`
[INFO] [stdout] c092e8a40197ee808aaa778125fb52f62386355e1e30511ea40d5d2120f723e1
[INFO] running `Command { std: "docker" "start" "-a" "c092e8a40197ee808aaa778125fb52f62386355e1e30511ea40d5d2120f723e1", kill_on_drop: false }`
[INFO] [stderr]     Checking once_cell v1.13.0
[INFO] [stderr]    Compiling crossbeam-utils v0.8.10
[INFO] [stderr]    Compiling crossbeam-epoch v0.9.9
[INFO] [stderr]    Compiling proc-macro2 v1.0.40
[INFO] [stderr]     Checking scopeguard v1.1.0
[INFO] [stderr]    Compiling quote v1.0.20
[INFO] [stderr]    Compiling rayon-core v1.9.3
[INFO] [stderr]    Compiling unicode-ident v1.0.1
[INFO] [stderr]    Compiling rayon v1.5.3
[INFO] [stderr]    Compiling syn v1.0.98
[INFO] [stderr]     Checking subtle v2.4.1
[INFO] [stderr]    Compiling generic-array v0.14.5
[INFO] [stderr]     Checking either v1.7.0
[INFO] [stderr]     Checking num_cpus v1.13.1
[INFO] [stderr]     Checking keccak v0.1.2
[INFO] [stderr]    Compiling blake3 v1.3.1
[INFO] [stderr]     Checking arrayvec v0.7.2
[INFO] [stderr]     Checking constant_time_eq v0.1.5
[INFO] [stderr]     Checking arrayref v0.3.6
[INFO] [stderr]    Compiling serde_derive v1.0.138
[INFO] [stderr]    Compiling log v0.4.17
[INFO] [stderr]    Compiling serde v1.0.138
[INFO] [stderr]     Checking dirs-sys v0.3.7
[INFO] [stderr]     Checking cfg-if v0.1.10
[INFO] [stderr]     Checking os_str_bytes v6.1.0
[INFO] [stderr]     Checking hashbrown v0.12.1
[INFO] [stderr]     Checking directories v2.0.2
[INFO] [stderr]     Checking clap_lex v0.2.4
[INFO] [stderr]     Checking atty v0.2.14
[INFO] [stderr]     Checking strsim v0.10.0
[INFO] [stderr]     Checking textwrap v0.15.0
[INFO] [stderr]     Checking termcolor v1.1.3
[INFO] [stderr]     Checking env_logger v0.9.0
[INFO] [stderr]     Checking indexmap v1.9.1
[INFO] [stderr]     Checking crossbeam-channel v0.5.5
[INFO] [stderr]     Checking block-buffer v0.10.2
[INFO] [stderr]     Checking crypto-common v0.1.4
[INFO] [stderr]     Checking digest v0.10.3
[INFO] [stderr]     Checking crossbeam-deque v0.8.1
[INFO] [stderr]     Checking sha3 v0.10.1
[INFO] [stderr]    Compiling proc-macro-error-attr v1.0.4
[INFO] [stderr]    Compiling proc-macro-error v1.0.4
[INFO] [stderr]     Checking winter-utils v0.4.0
[INFO] [stderr]     Checking winter-math v0.4.0
[INFO] [stderr]    Compiling clap_derive v3.2.7
[INFO] [stderr]     Checking winter-crypto v0.4.0
[INFO] [stderr]     Checking winter-fri v0.4.0
[INFO] [stderr]     Checking winter-air v0.4.0
[INFO] [stderr]     Checking winter-prover v0.4.0
[INFO] [stderr]     Checking winter-verifier v0.4.0
[INFO] [stderr]     Checking clap v3.2.8
[INFO] [stderr]     Checking toml v0.5.9
[INFO] [stderr]     Checking confy v0.4.0
[INFO] [stderr]     Checking stark v0.1.0 (/opt/rustwide/workdir)
[INFO] [stdout] error[E0599]: no method named `is_greater` found for struct `winter_math::fields::f128::BaseElement` in the current scope
[INFO] [stdout]    --> src/air.rs:145:23
[INFO] [stdout]     |
[INFO] [stdout] 145 |                 if r1.is_greater(&m) {
[INFO] [stdout]     |                       ^^^^^^^^^^ method not found in `BaseElement`
[INFO] [stdout] 
[INFO] [stdout] 
[INFO] [stdout] error[E0599]: no method named `is_greater` found for struct `winter_math::fields::f128::BaseElement` in the current scope
[INFO] [stdout]    --> src/air.rs:145:23
[INFO] [stdout]     |
[INFO] [stdout] 145 |                 if r1.is_greater(&m) {
[INFO] [stdout]     |                       ^^^^^^^^^^ method not found in `BaseElement`
[INFO] [stdout] 
[INFO] [stdout] 
[INFO] [stdout] error[E0599]: no method named `is_greater` found for struct `winter_math::fields::f128::BaseElement` in the current scope
[INFO] [stdout]    --> src/air.rs:150:55
[INFO] [stdout]     |
[INFO] [stdout] 150 |                 if (r1 - state[FLAG_START + idx] * m).is_greater(&d3) {
[INFO] [stdout]     |                                                       ^^^^^^^^^^ method not found in `BaseElement`
[INFO] [stdout] 
[INFO] [stdout] 
[INFO] [stdout] error[E0599]: no method named `is_greater` found for struct `winter_math::fields::f128::BaseElement` in the current scope
[INFO] [stdout]    --> src/air.rs:150:55
[INFO] [stdout]     |
[INFO] [stdout] 150 |                 if (r1 - state[FLAG_START + idx] * m).is_greater(&d3) {
[INFO] [stdout]     |                                                       ^^^^^^^^^^ method not found in `BaseElement`
[INFO] [stdout] 
[INFO] [stdout] 
[INFO] [stdout] error[E0599]: no method named `is_greater` found for struct `winter_math::fields::f128::BaseElement` in the current scope
[INFO] [stdout]    --> src/air.rs:145:23
[INFO] [stdout]     |
[INFO] [stdout] 145 |                 if r1.is_greater(&m) {
[INFO] [stdout]     |                       ^^^^^^^^^^ method not found in `BaseElement`
[INFO] [stdout] 
[INFO] [stdout] 
[INFO] [stdout] error[E0599]: no method named `is_greater` found for struct `winter_math::fields::f128::BaseElement` in the current scope
[INFO] [stdout]    --> src/air.rs:178:23
[INFO] [stdout]     |
[INFO] [stdout] 178 |                 if r1.is_greater(&m) {
[INFO] [stdout]     |                       ^^^^^^^^^^ method not found in `BaseElement`
[INFO] [stdout] 
[INFO] [stdout] 
[INFO] [stdout] error[E0599]: no method named `is_greater` found for struct `winter_math::fields::f128::BaseElement` in the current scope
[INFO] [stdout]    --> src/air.rs:178:23
[INFO] [stdout]     |
[INFO] [stdout] 178 |                 if r1.is_greater(&m) {
[INFO] [stdout]     |                       ^^^^^^^^^^ method not found in `BaseElement`
[INFO] [stdout] 
[INFO] [stdout] 
[INFO] [stdout] error[E0599]: no method named `is_greater` found for struct `winter_math::fields::f128::BaseElement` in the current scope
[INFO] [stdout]    --> src/air.rs:150:55
[INFO] [stdout]     |
[INFO] [stdout] 150 |                 if (r1 - state[FLAG_START + idx] * m).is_greater(&d3) {
[INFO] [stdout]     |                                                       ^^^^^^^^^^ method not found in `BaseElement`
[INFO] [stdout] 
[INFO] [stdout] 
[INFO] [stdout] error[E0599]: no method named `is_greater` found for struct `winter_math::fields::f128::BaseElement` in the current scope
[INFO] [stdout]    --> src/air.rs:145:23
[INFO] [stdout]     |
[INFO] [stdout] 145 |                 if r1.is_greater(&m) {
[INFO] [stdout]     |                       ^^^^^^^^^^ method not found in `BaseElement`
[INFO] [stdout] 
[INFO] [stdout] 
[INFO] [stdout] error[E0599]: no method named `is_greater` found for struct `winter_math::fields::f128::BaseElement` in the current scope
[INFO] [stdout]    --> src/air.rs:150:55
[INFO] [stdout]     |
[INFO] [stdout] 150 |                 if (r1 - state[FLAG_START + idx] * m).is_greater(&d3) {
[INFO] [stdout]     |                                                       ^^^^^^^^^^ method not found in `BaseElement`
[INFO] [stdout] 
[INFO] [stdout] 
[INFO] [stdout] error[E0599]: no method named `is_greater` found for struct `winter_math::fields::f128::BaseElement` in the current scope
[INFO] [stdout]    --> src/air.rs:183:55
[INFO] [stdout]     |
[INFO] [stdout] 183 |                 if (r1 - state[FLAG_START + idx] * m).is_greater(&d3) {
[INFO] [stdout]     |                                                       ^^^^^^^^^^ method not found in `BaseElement`
[INFO] [stdout] 
[INFO] [stdout] 
[INFO] [stdout] error[E0599]: no method named `is_greater` found for struct `winter_math::fields::f128::BaseElement` in the current scope
[INFO] [stdout]    --> src/air.rs:183:55
[INFO] [stdout]     |
[INFO] [stdout] 183 |                 if (r1 - state[FLAG_START + idx] * m).is_greater(&d3) {
[INFO] [stdout]     |                                                       ^^^^^^^^^^ method not found in `BaseElement`
[INFO] [stdout] 
[INFO] [stdout] 
[INFO] [stdout] error[E0599]: no method named `is_greater` found for struct `winter_math::fields::f128::BaseElement` in the current scope
[INFO] [stdout]    --> src/air.rs:178:23
[INFO] [stdout]     |
[INFO] [stdout] 178 |                 if r1.is_greater(&m) {
[INFO] [stdout]     |                       ^^^^^^^^^^ method not found in `BaseElement`
[INFO] [stdout] 
[INFO] [stdout] 
[INFO] [stdout] error[E0599]: no method named `is_greater` found for struct `winter_math::fields::f128::BaseElement` in the current scope
[INFO] [stdout]    --> src/air.rs:250:23
[INFO] [stdout]     |
[INFO] [stdout] 250 |                 if r1.is_greater(&m) {
[INFO] [stdout]     |                       ^^^^^^^^^^ method not found in `BaseElement`
[INFO] [stdout] 
[INFO] [stdout] 
[INFO] [stdout] error[E0599]: no method named `is_greater` found for struct `winter_math::fields::f128::BaseElement` in the current scope
[INFO] [stdout]    --> src/air.rs:178:23
[INFO] [stdout]     |
[INFO] [stdout] 178 |                 if r1.is_greater(&m) {
[INFO] [stdout]     |                       ^^^^^^^^^^ method not found in `BaseElement`
[INFO] [stdout] 
[INFO] [stdout] 
[INFO] [stdout] error[E0599]: no method named `is_greater` found for struct `winter_math::fields::f128::BaseElement` in the current scope
[INFO] [stdout]    --> src/air.rs:183:55
[INFO] [stdout]     |
[INFO] [stdout] 183 |                 if (r1 - state[FLAG_START + idx] * m).is_greater(&d3) {
[INFO] [stdout]     |                                                       ^^^^^^^^^^ method not found in `BaseElement`
[INFO] [stdout] 
[INFO] [stdout] 
[INFO] [stdout] error[E0599]: no method named `is_greater` found for struct `winter_math::fields::f128::BaseElement` in the current scope
[INFO] [stdout]    --> src/air.rs:255:55
[INFO] [stdout]     |
[INFO] [stdout] 255 |                 if (r1 - state[FLAG_START + idx] * m).is_greater(&d3) {
[INFO] [stdout]     |                                                       ^^^^^^^^^^ method not found in `BaseElement`
[INFO] [stdout] 
[INFO] [stdout] 
[INFO] [stdout] error[E0599]: no method named `is_greater` found for struct `winter_math::fields::f128::BaseElement` in the current scope
[INFO] [stdout]    --> src/air.rs:250:23
[INFO] [stdout]     |
[INFO] [stdout] 250 |                 if r1.is_greater(&m) {
[INFO] [stdout]     |                       ^^^^^^^^^^ method not found in `BaseElement`
[INFO] [stdout] 
[INFO] [stdout] 
[INFO] [stdout] error[E0599]: no method named `is_greater` found for struct `winter_math::fields::f128::BaseElement` in the current scope
[INFO] [stdout]    --> src/air.rs:183:55
[INFO] [stdout]     |
[INFO] [stdout] 183 |                 if (r1 - state[FLAG_START + idx] * m).is_greater(&d3) {
[INFO] [stdout]     |                                                       ^^^^^^^^^^ method not found in `BaseElement`
[INFO] [stdout] 
[INFO] [stdout] 
[INFO] [stdout] error[E0599]: no method named `is_greater` found for struct `winter_math::fields::f128::BaseElement` in the current scope
[INFO] [stdout]    --> src/air.rs:250:23
[INFO] [stdout]     |
[INFO] [stdout] 250 |                 if r1.is_greater(&m) {
[INFO] [stdout]     |                       ^^^^^^^^^^ method not found in `BaseElement`
[INFO] [stdout] 
[INFO] [stdout] 
[INFO] [stdout] error: aborting due to 6 previous errors
[INFO] [stdout] 
[INFO] [stdout] 
[INFO] [stdout] For more information about this error, try `rustc --explain E0599`.
[INFO] [stdout] 
[INFO] [stdout] error[E0599]: no method named `is_greater` found for struct `winter_math::fields::f128::BaseElement` in the current scope
[INFO] [stdout]    --> src/air.rs:255:55
[INFO] [stdout]     |
[INFO] [stdout] 255 |                 if (r1 - state[FLAG_START + idx] * m).is_greater(&d3) {
[INFO] [stdout]     |                                                       ^^^^^^^^^^ method not found in `BaseElement`
[INFO] [stdout] 
[INFO] [stdout] 
[INFO] [stdout] error[E0599]: no method named `is_greater` found for struct `winter_math::fields::f128::BaseElement` in the current scope
[INFO] [stdout]    --> src/air.rs:250:23
[INFO] [stdout]     |
[INFO] [stdout] 250 |                 if r1.is_greater(&m) {
[INFO] [stdout]     |                       ^^^^^^^^^^ method not found in `BaseElement`
[INFO] [stdout] 
[INFO] [stdout] 
[INFO] [stderr] error: could not compile `stark` (bin "verifier") due to 7 previous errors
[INFO] [stderr] warning: build failed, waiting for other jobs to finish...
[INFO] [stdout] error[E0599]: no method named `is_greater` found for struct `winter_math::fields::f128::BaseElement` in the current scope
[INFO] [stdout]    --> src/air.rs:255:55
[INFO] [stdout]     |
[INFO] [stdout] 255 |                 if (r1 - state[FLAG_START + idx] * m).is_greater(&d3) {
[INFO] [stdout]     |                                                       ^^^^^^^^^^ method not found in `BaseElement`
[INFO] [stdout] 
[INFO] [stdout] 
[INFO] [stdout] error: aborting due to 6 previous errors
[INFO] [stdout] 
[INFO] [stdout] 
[INFO] [stdout] For more information about this error, try `rustc --explain E0599`.
[INFO] [stdout] 
[INFO] [stdout] error[E0599]: no method named `is_greater` found for struct `winter_math::fields::f128::BaseElement` in the current scope
[INFO] [stdout]    --> src/air.rs:255:55
[INFO] [stdout]     |
[INFO] [stdout] 255 |                 if (r1 - state[FLAG_START + idx] * m).is_greater(&d3) {
[INFO] [stdout]     |                                                       ^^^^^^^^^^ method not found in `BaseElement`
[INFO] [stdout] 
[INFO] [stdout] 
[INFO] [stderr] error: could not compile `stark` (bin "verifier" test) due to 7 previous errors
[INFO] [stdout] error: aborting due to 6 previous errors
[INFO] [stdout] 
[INFO] [stdout] 
[INFO] [stdout] For more information about this error, try `rustc --explain E0599`.
[INFO] [stdout] 
[INFO] [stdout] error: aborting due to 6 previous errors
[INFO] [stdout] 
[INFO] [stdout] 
[INFO] [stderr] error: could not compile `stark` (bin "prover") due to 7 previous errors
[INFO] [stdout] For more information about this error, try `rustc --explain E0599`.
[INFO] [stdout] 
[INFO] [stderr] error: could not compile `stark` (bin "prover" test) due to 7 previous errors
[INFO] running `Command { std: "docker" "inspect" "c092e8a40197ee808aaa778125fb52f62386355e1e30511ea40d5d2120f723e1", kill_on_drop: false }`
[INFO] running `Command { std: "docker" "rm" "-f" "c092e8a40197ee808aaa778125fb52f62386355e1e30511ea40d5d2120f723e1", kill_on_drop: false }`
[INFO] [stdout] c092e8a40197ee808aaa778125fb52f62386355e1e30511ea40d5d2120f723e1
